+ 30, 2*x + 22 = 3*q. Suppose -3*g - b = q*b - 111, -3*g - b = -123. List the prime factors of g.
2, 3, 7
Let c(s) = s**2 - s - 1. List the prime factors of c(5).
19
Suppose -2*z + 4 = -0. Suppose -2 - z = 2*r. What are the prime factors of 5*(r + (-42)/(-15))?
2
Suppose -94 = -4*z - 5*c - 13, 91 = 5*z - 4*c. List the prime factors of z.
19
Let v(w) = -8 + 2*w**2 - 3*w + w - 4*w**2 + 9*w**2 - w**3. What are the prime factors of v(6)?
2
Let r(a) = -a**3 + 3*a**2 - 2. List the prime factors of r(-4).
2, 5, 11
Let x = 49 - 30. Suppose -4*r + 0*c - c = -x, 0 = -5*c - 25. What are the prime factors of r?
2, 3
List the prime factors of ((-13)/26)/(2/(-820)).
5, 41
Suppose 0*w + 5*c + 352 = 4*w, -5*c + 299 = 3*w. List the prime factors of w.
3, 31
Suppose -42 = -3*t + 60. Let l = t + -23. List the prime factors of l.
11
Suppose -6*c + 120 = -c. What are the prime factors of c?
2, 3
Suppose n = 6*n - 1030. List the prime factors of n.
2, 103
Let k = 13 + 38. List the prime factors of k.
3, 17
Let q(r) = r**3 - 12*r**2 - 8*r - 12. List the prime factors of q(13).
53
Let m be 0/3 + (-26 - 1). Let i = m - -71. What are the prime factors of i?
2, 11
What are the prime factors of (-1 - 3)/((-3)/102 - 0)?
2, 17
Let s be (-8)/(-6) + (-4)/(-6). Suppose -3*p - 8 + s = 0. What are the prime factors of 8/(-5)*5/p?
2
Let x(m) be the first derivative of -4 + 7/2*m**2 - 1/3*m**3 + 8*m. What are the prime factors of x(7)?
2
Let q(u) = u - 4*u + 4*u + 5*u. List the prime factors of q(3).
2, 3
Suppose 0 = 2*x - 7*x - 2*n + 12, 4*x - 4*n - 32 = 0. Let k = -6 + x. Let s = 5 + k. List the prime factors of s.
3
Let z(m) = -m**3 - 10*m**2 + 9*m - 15. Let w be z(-11). Let i(g) = -8*g + g**2 + 5*g**2 - 5*g**2 + 9 + g. What are the prime factors of i(w)?
3
Suppose 0*z = -6*z + 372. What are the prime factors of z?
2, 31
Suppose -x + 4 - 2 = 0. Let b(v) = -2*v**2 - 3*v + 6. Let i(l) = -6*l**2 - 8*l + 17. Let u(m) = 11*b(m) - 4*i(m). List the prime factors of u(x).
2
Suppose -5*u - h + 51 = -2*h, 0 = 4*u + 2*h - 38. Let r = 5 + u. Suppose 0 = -2*q - f - f + 20, 0 = q + 2*f - r. List the prime factors of q.
5
Let b(x) = x**2 - x + 2. What are the prime factors of b(3)?
2
Let o = -3 - 3. Let m be (9/o)/(6/(-16)). Suppose -p = -4*d + 29, m*d = -3*p + 18 + 23. List the prime factors of d.
2
What are the prime factors of 31/(21/6 + -3)?
2, 31
What are the prime factors of ((-1)/3)/((-10)/1470)?
7
Let t = -133 + 168. List the prime factors of t.
5, 7
What are the prime factors of ((-1896)/(-20))/(4/10)?
3, 79
Suppose b - 4*b = -279. What are the prime factors of b?
3, 31
Suppose 2*r - 43 = -3*c, 0*c = 2*c + 6. Suppose f + r = 3*f. What are the prime factors of f?
13
Suppose 2*m + 3*m = 10. Suppose 4 = d + m. Suppose -3*n = -5*j - d, 7*j - 8 = 3*j. List the prime factors of n.
2
Suppose -3*v + 16 = v + 4*m, -5*m - 15 = -2*v. Suppose v*k - 47 = 3*c, 49 = 5*k - 2*c + c. Let n = -1 + k. List the prime factors of n.
3
Let b(u) = -u**2 + 5*u - 5. Let p be b(6). Let v = 15 - p. What are the prime factors of v?
2, 13
Let j(x) = 2*x**2 - 6*x - 12. What are the prime factors of j(8)?
2, 17
Suppose -49 + 246 = 5*x - 2*r, 57 = x + 4*r. What are the prime factors of x?
41
Let j = 616 - 243. List the prime factors of j.
373
Suppose 0 = 3*m - 27 - 33. Let b = m + -11. What are the prime factors of b?
3
Suppose 4 + 0 = 3*l - 5*t, 4*l - 2*t + 4 = 0. List the prime factors of l + 16/2 + -1.
5
Suppose g + 1 = -4, 5*t + 3*g = 1790. What are the prime factors of t?
19
Suppose 3*g - 16*g = -1209. List the prime factors of g.
3, 31
Let u(l) = 105*l + 1. Let x be u(1). List the prime factors of 1/(-4) - x/(-8).
13
Suppose 0 = -5*d + y - 4, -3*y - 2 = 2*d - 14. Let t = 3 + d. What are the prime factors of t/(9/(-4))*-6?
2
Let u(d) = d**3 + 6*d**2 - 4*d + 1. Let q be u(-7). Let t = 29 + 2. Let z = q + t. What are the prime factors of z?
11
Suppose -o - i - 3 = -14, 0 = -5*i - 20. Let n = 2 + o. Suppose 2*f - 25 = n. List the prime factors of f.
3, 7
Let a(v) = v**3 + 11*v**2 - 7*v - 12. List the prime factors of a(-9).
3, 71
Let m(y) = -y - 5. Let j be m(-3). Let k be (j + 0)/(2/(-3)). Suppose 3 = w - k. What are the prime factors of w?
2, 3
Suppose -u = -10 - 35. List the prime factors of u.
3, 5
Let u(b) = -b**3 + 7*b**2 - 7*b + 7. List the prime factors of u(5).
2, 11
Suppose 0 = -0*f + 5*f - 10. Suppose g + 2*k = 16, -f*k + 0*k = -g + 4. List the prime factors of g.
2, 5
Let t(m) = 4*m - 3. Let o be ((-1)/(-2))/((-3)/(-30)). Suppose -o*l = -16 + 6. List the prime factors of t(l).
5
Let l = -6 + 14. Suppose -2*y - 2*y = -l. List the prime factors of y.
2
Let r = -20 - -49. Suppose 4*z - 54 = -2*p, -2*z = 4*p - r - 55. What are the prime factors of p?
19
Let m(z) = -z**3 - 7*z**2 + 6*z - 1. Let s = -15 + 2. Let j = s - -5. List the prime factors of m(j).
3, 5
Suppose 16*w - 7*w = 2583. List the prime factors of w.
7, 41
Let j be (2 - -2) + (-3 - -1). Let i = j - 2. Suppose i = -3*n, 5*n + 4 = v - 0*n. List the prime factors of v.
2
Let p = 129 + -123. Let i = 12 - 8. Let d = p - i. What are the prime factors of d?
2
Suppose m = 13*m - 5208. List the prime factors of m.
2, 7, 31
Let s(n) = -2 + n + 7 - 1. Suppose h = -5*x - 4*h + 35, 0 = -x + 3*h - 5. List the prime factors of s(x).
2
Suppose 0*s + 12 = s - 2*v, -2*s = 2*v + 6. Suppose -6 = s*m, -23 = -4*j + 2*j + 5*m. Let x(o) = 3*o - 5. List the prime factors of x(j).
7
Let a(z) = 15*z**2 - 2*z + 1. Suppose 4*u - 9 - 3 = 0. Let o = -2 + u. List the prime factors of a(o).
2, 7
Let d = 6 + -3. Suppose d*s - 52 = -s. What are the prime factors of s?
13
Suppose 5*b = 20, -175 = -3*r - 3*b + 257. Suppose 0 = 2*f + 3*f - r. What are the prime factors of f?
2, 7
Let z(w) = 2*w**3 - 5*w**2 + 5*w - 4. Let v be z(3). Suppose 4*q - 12 = v. What are the prime factors of q?
2
Suppose 2*g - 5*w - 43 = 0, 2*w - 20 = -4*g + 6. Let x(v) = v**3 - 9*v**2 + 6. Let h be x(g). What are the prime factors of (-3)/((-18)/4)*h?
2
Suppose 3*s + s = 64. List the prime factors of s.
2
Let h(c) = -c**3 + c**2 + 2*c + 232. List the prime factors of h(0).
2, 29
Suppose -b + 54 + 11 = 0. Suppose 5*x - 5*h - b = 0, 3*h = -h - 4. List the prime factors of x.
2, 3
Let w be ((-18)/21)/(3/(-21)). Let v be (-24)/9 - (-2)/(-6). Let t = w + v. List the prime factors of t.
3
Suppose -2*u - 10*u = -756. List the prime factors of u.
3, 7
Let t be (2 - 13) + (1 - 0). Let a be (6/4)/((-3)/t). Suppose -4*y - 44 = -a*q + 41, -2*y - 49 = -3*q. What are the prime factors of q?
13
What are the prime factors of ((-351)/36)/(6/(-208))?
2, 13
Let s(z) = z**3 + 13*z**2 - 15*z - 10. Let w be s(-14). List the prime factors of 56/7*w/2.
2
Let x = 41 + -21. Suppose -5*w + 26 = -2*o, -o = 4*w - 3*o - x. List the prime factors of (-3 + 6)/(w/8).
2
Suppose -41 = 3*o + d - 2, -d - 15 = o. What are the prime factors of (-2 - o/10)*-25?
2, 5
Let v(o) = o**2 + 8*o - 2. Let c(y) = -y**2 - 12*y - 8. Let j be c(-11). Suppose 0 = 2*w + p + 23, 2*w - j*p = -p - 14. What are the prime factors of v(w)?
2, 3
Let x(r) = 14*r - 8. List the prime factors of x(6).
2, 19
Suppose -15*w = -11*w - 868. List the prime factors of w.
7, 31
Let t(d) = 3*d**2 + 4*d + 3. What are the prime factors of t(-4)?
5, 7
Let i(o) = 2*o**2 - 4*o - 4. Let z be i(6). Suppose -b = 4*b + s - z, b - s - 4 = 0. What are the prime factors of b?
2
Let h be ((-4)/(-6))/(2/15). Suppose 0 = -c + 2*c - h. List the prime factors of c.
5
Let u(i) be the second derivative of -7*i**5/20 - i**4/12 - i**3/3 - i**2/2 - i. Let y be u(-1). Let b = 6 + y. What are the prime factors of b?
13
Let l be 0 + 1 + 5 + 3. Let b(d) = d**3 + 6*d**2 + 5. Let r be b(-6). Let y = l + r. What are the prime factors of y?
2, 7
Suppose 5*d = -5*u + 5, -5*d = -5*u + 4 - 9. Let t = u - -5. What are the prime factors of t?
5
Let y(j) = -j**2 + 6*j - 3. Let s = -58 + 40. Let t = -13 - s. List the prime factors of y(t).
2
Let x(j) be the third derivative of j**4/3 - 5*j**3/6 + 5*j**2. List the prime factors of x(4).
3
Suppose 0 = 2*d - 4*x - 6, -4*x - x = 4*d - 25. Suppose 4*g - 5*m = 35, 5*g + 5*m + d = 60. What are the prime factors of g?
2, 5
Let y be 2/(-3) - (-2)/(-6). Let f be 18/8 + y/4. Let q = f + 5. What are the prime factors of q?
7
Suppose -182 = -3*a + 817. List the prime facto